igit of 1104?
1
What is the tens digit of 11426?
2
What is the hundreds digit of 10181?
1
What is the hundreds digit of 405?
4
What is the units digit of 2573?
3
What is the ten thousands digit of 85037?
8
What is the thousands digit of 28620?
8
What is the ten thousands digit of 10588?
1
What is the thousands digit of 5520?
5
What is the units digit of 32954?
4
What is the tens digit of 261?
6
What is the units digit of 645?
5
What is the hundreds digit of 8055?
0
What is the ten thousands digit of 33195?
3
What is the hundreds digit of 93338?
3
What is the units digit of 115?
5
What is the units digit of 6181?
1
What is the units digit of 3633?
3
What is the hundreds digit of 1765?
7
What is the tens digit of 474?
7
What is the thousands digit of 4014?
4
What is the tens digit of 2174?
7
What is the tens digit of 173?
7
What is the ten thousands digit of 26336?
2
What is the units digit of 4581?
1
What is the tens digit of 66955?
5
What is the units digit of 187?
7
What is the units digit of 1901?
1
What is the tens digit of 751?
5
What is the units digit of 148284?
4
What is the tens digit of 4726?
2
What is the thousands digit of 5543?
5
What is the hundreds digit of 2467?
4
What is the units digit of 33195?
5
What is the hundreds digit of 3996?
9
What is the tens digit of 912?
1
What is the hundreds digit of 1411?
4
What is the tens digit of 98?
9
What is the hundreds digit of 604?
6
What is the hundreds digit of 144352?
3
What is the tens digit of 118?
1
What is the units digit of 88?
8
What is the units digit of 2876?
6
What is the thousands digit of 31019?
1
What is the hundreds digit of 2606?
6
What is the thousands digit of 32334?
2
What is the units digit of 1310?
0
What is the hundreds digit of 139?
1
What is the tens digit of 590?
9
What is the hundreds digit of 9972?
9
What is the thousands digit of 15950?
5
What is the tens digit of 18592?
9
What is the units digit of 11740?
0
What is the units digit of 528?
8
What is the units digit of 92988?
8
What is the tens digit of 1635?
3
What is the units digit of 952?
2
What is the ten thousands digit of 25709?
2
What is the units digit of 2404?
4
What is the hundreds digit of 1909?
9
What is the units digit of 11638?
8
What is the thousands digit of 93747?
3
What is the tens digit of 13122?
2
What is the hundreds digit of 170?
1
What is the hundreds digit of 323?
3
What is the units digit of 59?
9
What is the units digit of 4540?
0
What is the hundreds digit of 28413?
4
What is the hundreds digit of 7895?
8
What is the thousands digit of 8315?
8
What is the units digit of 2283?
3
What is the tens digit of 23837?
3
What is the thousands digit of 2998?
2
What is the tens digit of 59994?
9
What is the ten thousands digit of 13336?
1
What is the units digit of 900?
0
What is the hundreds digit of 3227?
2
What is the tens digit of 14974?
7
What is the hundreds digit of 101169?
1
What is the thousands digit of 2789?
2
What is the units digit of 543?
3
What is the hundreds digit of 819?
8
What is the tens digit of 1163?
6
What is the tens digit of 2575?
7
What is the units digit of 37404?
4
What is the thousands digit of 17976?
7
What is the units digit of 904?
4
What is the thousands digit of 1239?
1
What is the units digit of 7899?
9
What is the units digit of 60?
0
What is the tens digit of 26014?
1
What is the tens digit of 83200?
0
What is the hundreds digit of 165?
1
What is the hundreds digit of 29284?
2
What is the tens digit of 1433?
3
What is the units digit of 1665?
5
What is the units digit of 8350?
0
What is the units digit of 771?
1
What is the hundreds digit of 306?
3
What is the ten thousands digit of 11764?
1
What is the tens digit of 68?
6
What is the hundreds digit of 124?
1
What is the units digit of 462?
2
What is the tens digit of 2334?
3
What is the units digit of 1083?
3
What is the thousands digit of 36134?
6
What is the hundreds digit of 19381?
3
What is the units digit of 13868?
8
What is the hundreds digit of 2047?
0
What is the thousands digit of 4750?
4
What is the thousands digit of 46619?
6
What is the tens digit of 15?
1
What is the units digit of 4?
4
What is the hundreds digit of 60534?
5
What is the ten thousands digit of 18714?
1
What is the units digit of 70?
0
What is the tens digit of 4556?
5
What is the hundreds digit of 2990?
9
What is the units digit of 39119?
9
What is the tens digit of 498?
9
What is the units digit of 1179?
9
What is the hundreds digit of 1034?
0
What is the units digit of 1130?
0
What is the thousands digit of 1063?
1
What is the units digit of 116808?
8
What is the units digit of 13216?
6
What is the hundreds digit of 268?
2
What is the tens digit of 7676?
7
What is the thousands digit of 2615?
2
What is the tens digit of 14653?
5
What is the ten thousands digit of 46125?
4
What is the hundreds digit of 10477?
4
What is the tens digit of 3187?
8
What is the tens digit of 1459?
5
What is the tens digit of 2039?
3
What is the ten thousands digit of 28518?
2
What is the tens digit of 2888?
8
What is the ten thousands digit of 38639?
3
What is the hundreds digit of 989?
9
What is the tens digit of 71?
7
What is the units digit of 1843?
3
What is the units digit of 29244?
4
What is the hundreds digit of 27657?
6
What is the thousands digit of 43999?
3
What is the thousands digit of 9457?
9
What is the units digit of 265?
5
What is the units digit of 16166?
6
What is the hundreds digit of 439?
4
What is the units digit of 2944?
4
What is the units digit of 225?
5
What is the units digit of 163?
3
What is the units digit of 2219?
9
What is the units digit of 1008?
8
What is the ten thousands digit of 14884?
1
What is the thousands digit of 18765?
8
What is the tens digit of 918?
1
What is the thousands digit of 22539?
2
What is the units digit of 956?
6
What is the units digit of 4885?
5
What is the units digit of 23472?
2
What is the tens digit of 1927?
2
What is the hundreds digit of 5975?
9
What is the units digit of 61872?
2
What is the hundreds digit of 295?
2
What is the tens digit of 5027?
2
What is the tens digit of 1357?
5
What is the units digit of 10987?
7
What is the thousands digit of 1288?
1
What is the units digit of 29296?
6
What is the hundreds digit of 190?
1
What is the thousands digit of 11260?
1
What is the units digit of 135963?
3
What is the thousands digit of 5133?
5
What is the units digit of 40756?
6
What is the units digit of 16158?
8
What is the thousands digit of 19027?
9
What is the thousands digit of 8749?
8
What is the units digit of 9947?
7
What is the tens digit of 13815?
1
What is the tens digit of 31617?
1
What is the units digit of 372?
2
What is the ten thousands digit of 28097?
2
What is the units digit of 3353?
3
What is the hundreds digit of 56062?
0
What is the thousands digit of 15383?
5
What is the hundreds digit of 84685?
6
What is the units digit of 3406?
6
What is the ten thousands digit of 80870?
8
What is the units digit of 1465?
5
What is the units digit of 45875?
5
What is the ten thousands digit of 156397?
5
What is the tens digit of 4607?
0
What is the tens digit of 63278?
7
What is the hundreds digit of 4023?
0
What is the tens digit of 4623?
2
What is the thousands digit of 4770?
4
What is the hundreds digit of 765?
7
What is the thousands digit of 176959?
6
What is the units digit of 1049?
9
What is the tens digit of 915?
1
What is the ten thousands digit of 151255?
5
What is the units digit of 580?
0
What is the thousands digit of 1482?
1
What is the units digit of 53858?
8
What is the ten thousands digit of 75110?
7
What is the units digit of 436?
6
What is the units digit of 88786?
6
What is the ten thousands digit of 154637?
5
What is the hundreds digit of 39392?
3
What is the hundreds digit of 13810?
8
What is the tens digit of 15598?
9
What is the thousands digit of 85001?
5
What is the tens digit of 705?
0
What is the units digit of 1381?
1
What is the hundreds digit of 861?
8
What is the units digit of 642?
2
What is the tens digit of 1757?
5
What is the hundreds digit of 8162?
1
What is the thousands digit of 5207?
5
What is the hundreds digit of 55836?
8
What is the hundreds digit of 1321?
3
What is the tens digit of 6650?
5
What is the tens digit of 4311?
1
What is